
What is the hundred millions digit of 2483500442?
4
What is the thousands digit of 63302290?
2
What is the thousands digit of 70609618?
9
What is the millions digit of 1690363334?
0
What is the units digit of 484354756?
6
What is the millions digit of 1103522014?
3
What is the thousands digit of 117887022?
7
What is the hundreds digit of 163076094?
0
What is the hundreds digit of 592584509?
5
What is the ten thousands digit of 391708861?
0
What is the millions digit of 181800841?
1
What is the billions digit of 4250583935?
4
What is the units digit of 812251462?
2
What is the billions digit of 1038756735?
1
What is the millions digit of 1186434129?
6
What is the hundred millions digit of 3031511697?
0
What is the ten thousands digit of 62852760?
5
What is the millions digit of 1086677074?
6
What is the thousands digit of 1938618512?
8
What is the millions digit of 163317223?
3
What is the millions digit of 249058985?
9
What is the hundreds digit of 2164002062?
0
What is the hundreds digit of 696159966?
9
What is the millions digit of 145021819?
5
What is the ten millions digit of 42681595?
4
What is the thousands digit of 8717125?
7
What is the hundreds digit of 149745014?
0
What is the hundreds digit of 6616579?
5
What is the hundred millions digit of 4388470969?
3
What is the millions digit of 3595928559?
5
What is the hundred thousands digit of 319214175?
2
What is the units digit of 249936979?
9
What is the hundred thousands digit of 619471?
6
What is the hundred thousands digit of 356551845?
5
What is the ten millions digit of 3053326555?
5
What is the ten millions digit of 483262074?
8
What is the hundred thousands digit of 3566777659?
7
What is the ten millions digit of 21588222?
2
What is the thousands digit of 209061539?
1
What is the hundreds digit of 4176629?
6
What is the units digit of 18684869?
9
What is the thousands digit of 1579955672?
5
What is the ten millions digit of 907389757?
0
What is the millions digit of 1006785546?
6
What is the ten millions digit of 2379782113?
7
What is the units digit of 5493261624?
4
What is the ten thousands digit of 572644675?
4
What is the tens digit of 48546428?
2
What is the hundreds digit of 83136159?
1
What is the ten thousands digit of 50154077?
5
What is the ten millions digit of 1101840990?
0
What is the hundred thousands digit of 338160297?
1
What is the hundred thousands digit of 488200187?
2
What is the hundred thousands digit of 70381397?
3
What is the tens digit of 6271138?
3
What is the ten thousands digit of 655601591?
0
What is the ten millions digit of 74440677?
7
What is the units digit of 361880609?
9
What is the ten thousands digit of 30978935?
7
What is the ten millions digit of 207732744?
0
What is the tens digit of 79057905?
0
What is the thousands digit of 8304695?
4
What is the units digit of 42883124?
4
What is the ten millions digit of 218763235?
1
What is the millions digit of 42348183?
2
What is the hundreds digit of 363792095?
0
What is the hundred thousands digit of 63984607?
9
What is the ten millions digit of 12609766?
1
What is the units digit of 1591494556?
6
What is the ten millions digit of 180070761?
8
What is the hundred millions digit of 363837917?
3
What is the thousands digit of 32522159?
2
What is the tens digit of 79586922?
2
What is the hundreds digit of 85363361?
3
What is the hundred millions digit of 198391637?
1
What is the ten thousands digit of 3891603069?
0
What is the thousands digit of 553222177?
2
What is the hundred thousands digit of 220812429?
8
What is the millions digit of 27056366?
7
What is the units digit of 1877265800?
0
What is the tens digit of 400325490?
9
What is the tens digit of 896983100?
0
What is the tens digit of 4365666?
6
What is the millions digit of 215664197?
5
What is the thousands digit of 812227678?
7
What is the millions digit of 39678737?
9
What is the tens digit of 665792432?
3
What is the thousands digit of 746521328?
1
What is the hundreds digit of 2885893247?
2
What is the thousands digit of 329254359?
4
What is the millions digit of 198964593?
8
What is the ten millions digit of 1497316576?
9
What is the thousands digit of 1993986345?
6
What is the ten thousands digit of 2349876846?
7
What is the millions digit of 16158725?
6
What is the millions digit of 41294894?
1
What is the ten millions digit of 526487638?
2
What is the thousands digit of 238800434?
0
What is the tens digit of 5314152375?
7
What is the thousands digit of 153185539?
5
What is the billions digit of 6267892665?
6
What is the thousands digit of 5102207108?
7
What is the hundred millions digit of 1296162411?
2
What is the hundreds digit of 188367108?
1
What is the hundreds digit of 82356518?
5
What is the millions digit of 123491138?
3
What is the millions digit of 99527625?
9
What is the tens digit of 1251183278?
7
What is the millions digit of 40875807?
0
What is the hundred millions digit of 327503051?
3
What is the hundreds digit of 2792436369?
3
What is the ten thousands digit of 22463453?
6
What is the ten millions digit of 395296105?
9
What is the thousands digit of 5923548263?
8
What is the thousands digit of 612343092?
3
What is the ten thousands digit of 2874437950?
3
What is the hundreds digit of 113062925?
9
What is the millions digit of 85622116?
5
What is the hundred thousands digit of 136714750?
7
What is the millions digit of 8337121899?
7
What is the hundred thousands digit of 98946452?
9
What is the hundred thousands digit of 6040522545?
5
What is the tens digit of 64412252?
5
What is the billions digit of 4145466473?
4
What is the tens digit of 135821872?
7
What is the units digit of 9984351?
1
What is the units digit of 143611338?
8
What is the hundreds digit of 461297580?
5
What is the ten thousands digit of 43300641?
0
What is the ten thousands digit of 2244614?
4
What is the ten millions digit of 263074133?
6
What is the thousands digit of 155378700?
8
What is the hundreds digit of 11936689?
6
What is the hundred thousands digit of 139671010?
6
What is the ten thousands digit of 53596930?
9
What is the hundred thousands digit of 2699957837?
9
What is the units digit of 579331432?
2
What is the ten thousands digit of 18156686?
5
What is the millions digit of 299973915?
9
What is the ten thousands digit of 701294289?
9
What is the thousands digit of 52889455?
9
What is the tens digit of 22155891?
9
What is the units digit of 1533255662?
2
What is the ten thousands digit of 34978022?
7
What is the hundred thousands digit of 54602250?
6
What is the millions digit of 329997487?
9
What is the tens digit of 41863374?
7
What is the hundreds digit of 933787284?
2
What is the tens digit of 4097186341?
4
What is the tens digit of 332983456?
5
What is the hundred thousands digit of 101809025?
8
What is the millions digit of 1967506444?
7
What is the hundred millions digit of 5026031279?
0
What is the hundreds digit of 212577783?
7
What is the thousands digit of 363878743?
8
What is the hundred thousands digit of 1258387816?
3
What is the hundred millions digit of 1519669044?
5
What is the ten thousands digit of 90778605?
7
What is the millions digit of 55940012?
5
What is the ten millions digit of 1227569868?
2
What is the ten thousands digit of 40851219?
5
What is the thousands digit of 69052940?
2
What is the thousands digit of 22173054?
3
What is the thousands digit of 18978589?
8
What is the millions digit of 82256489?
2
What is the millions digit of 245888617?
5
What is the ten thousands digit of 50293582?
9
What is the hundreds digit of 146404392?
3
What is the units digit of 63946940?
0
What is the hundred thousands digit of 649080261?
0
What is the units digit of 666146145?
5
What is the hundred thousands digit of 5442277?
4
What is the units digit of 1534200858?
8
What is the hundred thousands digit of 543918836?
9
What is the hundreds digit of 16127112?
1
What is the hundred thousands digit of 81951214?
9
What is the ten thousands digit of 68484774?
8
What is the thousands digit of 130760536?
0
What is the ten millions digit of 984940173?
8
What is the ten millions digit of 279419013?
7
What is the hundred millions digit of 3038553677?
0
What is the thousands digit of 725073485?
3
What is the hundreds digit of 614